ve of j**6/120 + j**5/15 - j**4/12 - 2*j**3/3 - 2*j**2 + 8*j. Let t be (-3 - (-69)/12)*4. Suppose -4*d - t = 9. What is r(d)?
-19
Let k(j) be the third derivative of 25*j**2 + 1/24*j**4 + 1/6*j**3 + 0*j + 0. Determine k(-2).
-1
Let m(y) = -7*y**2 + 3*y - 17. Let b(x) = 11*x**2 - 4*x + 26. Let w(d) = 5*b(d) + 8*m(d). Let h be 25/(-10)*(-12)/5. Suppose h*k - 16 = 2*k. Calculate w(k).
-6
Let p be 18/2 - (1 + -2). Suppose -3*r = u - p, 3*r - u = 20 - 6. Let c(h) = -36*h + 15*h + 19*h + h**2. Calculate c(r).
8
Let f be -4*3/(-1 - -4) - -1. Let o(n) = -14*n**2 + 0*n + 3*n - 4*n + 13*n**2. Give o(f).
-6
Let u(f) = -3*f**2 - 10*f - 25. Let b(d) = 4*d**2 + 9*d + 29. Let z(j) = -4*b(j) - 5*u(j). Calculate z(16).
-23
Let n(h) = 2*h**2 + 49*h + 36. Let r be n(-24). Let g(z) = -z + 10. What is g(r)?
-2
Let i(r) = 7*r**2 - 19*r - 5. Let w(n) = -7*n**2 + 22*n + 6. Let v(u) = 7*i(u) + 6*w(u). Determine v(-2).
31
Suppose 3*f - 43*u + 14 = -48*u, u = -4*f + 4. Let s(y) = 9*y - 5. Determine s(f).
13
Let f(i) = 9*i**3 - 13*i**2 + 11*i + 25. Let m(r) = -5*r**3 + 7*r**2 - 6*r - 13. Let g(s) = -6*f(s) - 11*m(s). What is g(0)?
-7
Let x(n) be the first derivative of -n**2/2 - n + 1. Let i(o) = o**2 - 6*o + 5. Let r be i(1). What is x(r)?
-1
Let z(d) = -d**2 + d + 1. Let h(c) = -c**2 + 1. Let o = -34 - -32. Let f be h(o). Give z(f).
-11
Let n(j) be the second derivative of j**5/20 + j**4/6 - j**3 + 3*j**2/2 + 266*j. Calculate n(2).
7
Let f be (-28)/(-8) - (-5)/(30/9). Suppose f*k - 28 = -3*q, 3*k = q + k + 9. Let n(u) = 12*u**3 - 1. Calculate n(q).
11
Let z(t) = -t**2 + t + 4. Let k(j) = j**3 - 2*j**2 - 44*j - 34. Let o be k(8). Determine z(o).
-2
Let c(l) = -3*l - 4. Let p be (1/1)/((-9)/(-63)). Let g be 24/(-36)*(p + -1). Calculate c(g).
8
Let a(w) = -17*w**2 - 7*w - 6. Let g(y) = 1. Let i(u) = a(u) + 4*g(u). Let k(p) = -8*p**2 - 3*p - 1. Let q(v) = 3*i(v) - 7*k(v). Calculate q(1).
6
Let z(l) be the second derivative of l**4/24 - 13*l**3/6 - 11*l**2 + 2*l + 12. Let f(r) be the first derivative of z(r). Give f(9).
-4
Let k(p) = -p**3 - 5*p**2 + 2. Let u be k(-5). Suppose 0 = -z + 4*l - 3, -2*l = u*z - 1 - 13. Let g(s) = s**3 - 4*s**2 - 4*s - 6. Determine g(z).
-1
Suppose 4*a = 3*m + 15, -5*a + 0*m + m + 5 = 0. Suppose a*x - 15 = -n - 5*x, -5*n - 5*x = -35. Let d(r) = -r**2 + 7*r - 6. Give d(n).
4
Let d(t) be the second derivative of t**3/6 + 6*t**2 - 12*t. Let p be d(-10). Let r(h) = 2*h**2 - 3*h + 3. Calculate r(p).
5
Let r(k) = -k**2 + k. Let y be (-4)/(-26) + 184/(-13). Let g be (-35)/y*(1 + 1). Suppose -g*a = -4*a - 3*n - 11, 4*a - 4*n = 12. Calculate r(a).
-2
Suppose 52 = 5*o + 8*o. Let j(d) = -2*d**2 + 5*d - 1. Determine j(o).
-13
Let t = 27 - 24. Suppose -t*p + 2*i - 23 = -2*i, 2*p = -5*i. Let l be 4 - (-1 + (-25)/p). Let q(n) = -n + 8. What is q(l)?
8
Suppose 3*f - n = 2*n - 3, 5*n + 37 = -2*f. Let c be 2 - (2 - f - 1). Let v(a) be the second derivative of a**4/12 + a**3/2 + a**2 + 1082*a - 1. Determine v(c).
12
Let n be (-15)/(-6)*(-60)/(-25). Suppose 0*j + 3*j - 6 = 0. Let z(t) = 5*t - 2*t**2 + 3*t**2 + 7 - 2*t**j. Determine z(n).
1
Let i(b) = b**2 + 8*b + 4. Suppose -2*s + 0*s + 26 = 0. Suppose -s = 2*z - 1. Calculate i(z).
-8
Let m(n) = 2928 + 8*n + 2937 - n**2 - 5869. Let g(d) = 3*d**2 - 3*d + 1. Let r be g(2). Give m(r).
3
Suppose 4*d = -5*z + 13 + 3, 8 = 2*z + 2*d. Let h(w) = w - 6*w - 4*w + 1 + z. What is h(1)?
-8
Let h(v) = -v - 9. Let w(i) = i**2 + 15*i + 2. Let z be w(-12). Let k = z - -28. Give h(k).
-3
Let o(x) = -35*x**2 + x. Let r be (-4 - 6/(-1))*4/(-8). Calculate o(r).
-36
Let m(x) = 0*x**3 - 1 + x + 2*x**3 - x**3 + 6*x**2. Let b(p) = p - 19. Let s be b(21). Suppose 0 = -3*u - 3*t - 15, 2*t + 4 = u - s*u. Calculate m(u).
-7
Let v = -1 - -1. Let m(t) = t**2 - 7*t - 5. Let o be m(8). Let r(x) = -5 + 11 + x**2 - x - 10 - x**o. What is r(v)?
-4
Let w(l) = 5*l**3 + 9*l**2 + 4*l + 1. Let q(c) = c**3 + c**2. Let p(d) = 4*q(d) - w(d). Suppose -9*u - 39 = 6. What is p(u)?
19
Let k(d) = -d**2 + 2*d + 1. Let w be 21/(-1*3) + 2. Let h(y) = -8*y - 67. Let n be h(-8). Let j = n - w. Determine k(j).
1
Let i(m) = 13*m - 19. Let z be i(-9). Let y = z - -130. Let l(h) = h**3 + 6*h**2 - 2*h - 9. Give l(y).
3
Let y = -6 + -1. Let c = -12 - y. Let a(t) = -8*t + 5. Let z(u) = 3*u - 2. Let x(r) = 2*a(r) + 5*z(r). What is x(c)?
5
Let m(x) = -4*x + 292. Let l be m(73). Let w(f) = f**2 - f - 1. Let v(g) = -3*g**2 + 2*g + 1. Let p(z) = -2*v(z) - 5*w(z). What is p(l)?
3
Let n(b) = -b**3 + 6*b**2 - 2*b + 4. Let a(k) = -k**3 - 16*k**2 + 13*k - 6. Let z be a(-17). Suppose 0 = 3*t + 44 - z. Give n(t).
-8
Suppose -k + 6*k - 30 = 0. Suppose -20 = -11*v + k*v. Let i be (-24)/32*(v + 0). Let j(q) = -3*q - 2. What is j(i)?
7
Let o(t) be the second derivative of -19*t**4/12 - t**3/3 + t**2/2 - 10*t - 2. What is o(1)?
-20
Let v(r) = r**3 + 5*r**2 + 7*r + 6. Let t be v(-4). Suppose 3*y - 15 = -5*c, -4*c + 5*y = 14 + 11. Let w = t + c. Let l(u) = -2*u - 4. Calculate l(w).
8
Let c be -3 - (8/(-32) - 31/4). Let k(q) = -q**2 + 4*q + 4. Determine k(c).
-1
Let j(x) be the first derivative of x**3 + x**2/2 + 1689. Suppose -2*q + q + 3 = -4*t, 4 = -4*t. Determine j(q).
2
Let a(c) be the third derivative of -c**4/8 + 7*c**3/6 + 143*c**2. Determine a(6).
-11
Let t be (-17)/(-7) - 8/(-14). Let l(a) = -7 + 25 - t*a - 11. Determine l(6).
-11
Suppose 0*t = 2*t + 6, -4*o - t - 3 = 0. Let q(d) be the first derivative of -5*d + 1/2*d**2 + 1. Calculate q(o).
-5
Let d(g) = -g**3 - 3*g**2 + 6*g + 1. Let a(p) = -6*p - 1. Let w be a(-1). Let n = -653 + 655. Let i be (n/w)/(5/(-50)). Calculate d(i).
-7
Let l(f) = -f**2 - 5*f + 4. Let p be l(-7). Let j = p + 11. Let u(z) = -z**2 + 2*z - 1. Determine u(j).
0
Let s be 2/1 + 2/1. Suppose 8 + 4 = s*b. Let j(y) = -1360 - 1365 + y + 2726. Calculate j(b).
4
Let w(y) be the second derivative of -y**4/12 + 11*y**3/6 - 15*y**2/2 - 4*y - 5. What is w(7)?
13
Let z(b) = -3 + 5*b**2 - 13*b - 4*b + 31*b - 10*b. Let j be z(1). Let w(q) = -q**3 + 6*q**2 + 2*q - 6. What is w(j)?
6
Suppose -6 = -3*m + 3. Let k(t) be the third derivative of -1/24*t**4 + 8*t**2 + 0 + 0*t + 1/6*t**m. Determine k(2).
-1
Let c(i) = -i - 14. Let t = 331 - 338. Give c(t).
-7
Let m(w) be the second derivative of w**5/20 + w**4/4 - w**2 - 2*w. Let u(c) = c**3 + 20*c**2 + c + 18. Let l be u(-20). What is m(l)?
2
Suppose -s - 192 = -201. Let v(g) be the third derivative of -1/3*g**3 + 0 + 1/60*g**5 + s*g**2 + 0*g + 5/24*g**4. What is v(-4)?
-6
Let j(l) = 36 - 45 + 22*l - 30*l. What is j(-6)?
39
Let v(t) = t**3 - t**2 + 2. Suppose -8*q + 5*s - 10 = -3*q, 0 = 4*q - s + 8. Give v(q).
-10
Let s(r) be the second derivative of -1/6*r**4 + r**3 + 0 - 1/2*r**2 + 7*r. Give s(4).
-9
Let p(q) = q**3 - 10*q**2 - 6*q - 9. Let l be p(11). Let g(n) = n - 2*n - n + 41 - l. Calculate g(-5).
5
Let a(b) = -b**2 - 15*b + 15*b + 2. Let w(o) = -15*o - 11. Let g be w(2). Let s = g + 38. Calculate a(s).
-7
Let a(w) = -3*w - 1. Suppose b + 0*k = -k, 5*b - k - 12 = 0. What is a(b)?
-7
Let u(h) be the second derivative of -h**4/12 - 11*h**3/6 - 2*h**2 + 32*h + 1. Determine u(-10).
6
Let u(c) = 5. Let o(j) = -2*j**2 + 11*j - 3. Let m(y) = y**2 - 6*y + 2. Let p(h) = 11*m(h) + 6*o(h). Let q(n) = 6*p(n) - 5*u(n). Calculate q(1).
-7
Let h(j) be the second derivative of -j**3/3 + 2*j - 35. Determine h(1).
-2
Let t(z) = 2*z + 55. Let a be t(-32). Let n(v) = -v - 10. Give n(a).
-1
Let y(r) = r**2 - 3*r - 3. Let b(l) = l**2 + 16*l - 189. Let u be b(-24). Give y(u).
-3
Let l(a) = a**2 - 5*a - 6. Let j be l(6). Suppose j = 4*x - 9*x + 15. Suppose 3*s = -x*v - 15 - 3, -2*v - 8 = -2*s. Let b(c) = -5*c + 1. Determine b(s).
6
Suppose 2*r + 2*r + 5*n - 15 = 0, -19 = -3*r + 4*n. Let v(l) = -2*l - 3*l**2 + 2*l**2 + r*l**2 + 3 + l**2. What is v(2)?
19
Let v(q) = q**2 - q + 2. Let z(x) = x**2 + x + 24. Let l be z(0). Let c = 36 - l. Suppose 0 = -0*u - 3*u + c. Give v(u).
14
Let r(d) be the second derivative of d**5/20 + d**4 - d**3/6 + 3*d**2/2 + 79*d. Calculate r(-12).
15
Let a(k) = -k**2 + 9*k + 3. Let m be a(9). Suppose -5*f - 1 - 16 = 3*g, 4*g - m*f = -13. Let n(b) = -b**3 - 3*b**2 + 4*b - 5. Determine n(g).
-5
Let s(x) = x**2 - 4*x + 1. Let j be (5 + (-95)/15)*-6. Suppose j*d - 21 = d. Calculate s(d).
-2
Let n(k) = 5*k**2 + 270 + 270 - 3*